11010001000001111010
In base 15, what is 127d40 + -15?
127d2a
In base 15, what is 7 + -4bbdd1?
-4bbdc9
In base 11, what is -62570 - 52a?
-62a9a
In base 5, what is 1132 - 22240322?
-22234140
In base 13, what is a - -88101?
8810b
In base 4, what is -32330231 + -220?
-32331111
In base 6, what is 3 + 13353252422?
13353252425
In base 13, what is -2085307 - -4?
-2085303
In base 4, what is 1303 + -103103330232?
-103103322323
In base 7, what is -26 + -34333544?
-34333603
In base 11, what is 563aa - -144?
56543
In base 8, what is 0 - -1127522006?
1127522006
In base 5, what is -331401003 - 3?
-331401011
In base 9, what is -2447445 + 446?
-2446888
In base 3, what is -11212 - 12010211022?
-12011000011
In base 12, what is 4b1000a9 + 3?
4b1000b0
In base 14, what is 2281da + 6?
228202
In base 5, what is 142 + -11110142232?
-11110142040
In base 7, what is -344661 + -424?
-345415
In base 5, what is -132033001214 + 1?
-132033001213
In base 5, what is -214412222 - -4?
-214412213
In base 14, what is 11a8d + -45?
11a48
In base 9, what is -541652 + -68?
-541731
In base 9, what is -1 + -38460?
-38461
In base 16, what is 8489ad + 9?
8489b6
In base 5, what is 4244 + 30440?
40234
In base 2, what is 11000010000110001110 + 100?
11000010000110010010
In base 3, what is -21 - -12222211110100?
12222211110002
In base 10, what is 60 - 1455299?
-1455239
In base 2, what is 11000010 + -101111010111001?
-101110111110111
In base 7, what is 466 + 2315321?
2316120
In base 9, what is 380270 - -1308?
381578
In base 16, what is 142d - -18f2?
2d1f
In base 15, what is 77ba6 + -16c?
77a39
In base 7, what is 4 + 1026003160?
1026003164
In base 14, what is a - b4c9c25?
-b4c9c19
In base 5, what is -4 + -10102120302?
-10102120311
In base 15, what is -5656 - -63d6?
c80
In base 7, what is -16643114414 - -1?
-16643114413
In base 14, what is -83c9aa - -4?
-83c9a6
In base 15, what is -d48aa4 + -1?
-d48aa5
In base 15, what is b512e + 58?
b5187
In base 14, what is -4 - -16a09a76?
16a09a72
In base 14, what is b6d39d + 2?
b6d3a1
In base 16, what is f76 - aa30?
-9aba
In base 16, what is -347d431 - 3?
-347d434
In base 11, what is -365 - -3333?
2a79
In base 14, what is 1 + -b20dda?
-b20dd9
In base 3, what is -2 + -221020000021212?
-221020000021221
In base 11, what is a - 2367996?
-2367987
In base 12, what is 786 - -57682?
58248
In base 4, what is -220 - -22002131?
22001311
In base 3, what is 10 - 101002021021212?
-101002021021202
In base 12, what is -b1aa1b + 159?
-b1a882
In base 6, what is 343 + 35151?
35534
In base 9, what is 1006 - -12747?
13754
In base 15, what is b450e - 45?
b44b9
In base 13, what is -162c5b7 + 4?
-162c5b3
In base 13, what is 3314c9 + -14?
3314b5
In base 15, what is -3e9d544 - -3?
-3e9d541
In base 8, what is 602 + 631056?
631660
In base 3, what is 22 + 22210122102102?
22210122102201
In base 9, what is -5 - -26478402?
26478386
In base 15, what is 3040be4 + 3?
3040be7
In base 12, what is 235a56a - -6b?
235a619
In base 10, what is -3 + -3333777?
-3333780
In base 9, what is -111243678 + 0?
-111243678
In base 12, what is 8b331b8 + 8?
8b33204
In base 3, what is 200210010 - -12012?
200222022
In base 3, what is 1220 + 20222101011?
20222110001
In base 16, what is -2db - 39c31?
-39f0c
In base 7, what is 100051646 - 0?
100051646
In base 11, what is -7892271 - 1?
-7892272
In base 9, what is -30510 - -42?
-30457
In base 6, what is 2144504205 - -14?
2144504223
In base 2, what is -10001010 + 111000000010111?
110111110001101
In base 15, what is -25 - -1d42ae?
1d4289
In base 4, what is -133103112 + -20121?
-133123233
In base 2, what is -10011 - -10010001011010111001?
10010001011010100110
In base 8, what is -503 - 6744073?
-6744576
In base 10, what is 1056 - 259780?
-258724
In base 13, what is 1841 + 2397?
3c08
In base 16, what is 10059 + 189b?
118f4
In base 12, what is ab01625 + -9?
ab01618
In base 9, what is 413771348 - 3?
413771345
In base 12, what is -411 + 1914?
1503
In base 3, what is 10020122020111 + 12?
10020122020200
In base 11, what is 331 + 422826?
423057
In base 16, what is 9 + -38af3e?
-38af35
In base 3, what is 10120212201 - -121001?
10121110202
In base 6, what is -1322 - -1122450?
1121124
In base 4, what is 1103010 + -2021203?
-312133
In base 7, what is -2 - 164625610?
-164625612
In base 15, what is 6de8 - 18b3?
5535
In base 14, what is -146c895 + 5?
-146c890
In base 6, what is -5530114 - -41?
-5530033
In base 15, what is d + 1c222e7?
1c22305
In base 8, what is -144 + 20177?
20033
In base 5, what is 3 + -44104214000?
-44104213442
In base 11, what is -455932918 + -5?
-455932922
In base 16, what is 9b34172 + -1?
9b34171
In base 11, what is -14088a9 - 3?
-1408901
In base 6, what is -5 + -21552411?
-21552420
In base 9, what is -10 + -37286308?
-37286318
In base 11, what is -6 - 1a66205?
-1a66210
In base 12, what is -1214 + -1952?
-2b66
In base 13, what is -5872080 - 21?
-58720a1
In base 12, what is 112315 - -276?
11258b
In base 8, what is 25301 - -22663?
50164
In base 5, what is -113 - 1000402303?
-1000402421
In base 8, what is 7474367 + 134?
7474523
In base 8, what is 4 + -6347100?
-6347074
In base 3, what is 112212100222101 - 1?
112212100222100
In base 3, what is -22111 - 121022210222?
-121100010110
In base 13, what is 5183 - bab?
42a5
In base 7, what is -12 + -15656555?
-15656600
In base 10, what is 1 - -4633778?
4633779
In base 3, what is 202 + 10000120221010?
10000120221212
In base 11, what is -10623 - 452?
-10a75
In base 15, what is 540d7 - -7a9?
54891
In base 15, what is 18ee2 + 1d0?
191c2
In base 16, what is -19 - -391363?
39134a
In base 15, what is -c670 + -399?
-ca19
In base 2, what is -10110001100001000011 + 10101100?
-10110001011110010111
In base 10, what is -608440407 - -4?
-608440403
In base 12, what is 4 + -1a71047?
-1a71043
In base 4, what is -1 - -1333210220233?
1333210220232
In base 12, what is -1512 + -17252?
-18764
In base 8, what is 464245 - 2735?
461310
In base 6, what is -1543023244 - 2?
-1543023250
In base 8, what is -2353220 - -1?
-2353217
In base 5, what is -141232303 + -1?
-141232304
In base 8, what is -1 + 115120064?
115120063
In base 8, what is -113135 + 5207?
-105726
In base 7, what is -120405 - 101154?
-221562
In base 15, what is -38c6773 - 8?
-38c677b
In base 15, what is -a9a1 + -11?
-a9b2
In base 9, what is -366 + 177014?
176537
In base 14, what is 1761784 - 0?
1761784
In base 11, what is -2747a567 - -4?
-2747a563
In base 14, what is -46c1b3 + 4?
-46c1ad
In base 16, what is -5 - 3a1b7e?
-3a1b83
In base 14, what is -a019 - 274?
-a28d
In base 6, what is 1042404443 + 15?
1042404502
In base 3, what is 22012 + -10121202110001?
-10121202010212
In base 12, what is 10 - -2b734?
2b744
In base 6, what is 512 - 1321402?
-1320450
In base 11, what is -425438 - 5?
-425442
In base 16, what is 45b + 874e?
8ba9
In base 2, what is 1000110100110100 + 11100010?
1000111000010110
In base 10, what is -125 - -942296?
942171
In base 11, what is -138622 + 649?
-137a84
In base 5, what is -2220 - 10400121?
-10402341
In base 12, what is -398a + -8abb?
-10889
In base 14, what is 3c5 - 7d50d?
-7d128
In base 7, what is -5541266165 - -3?
-5541266162
In base 10, what is -20 - -4823101?
4823081
In base 2, what is -100 - 10000011010011010010001110?
-10000011010011010010010010
In base 3, what is 20 + 1111122200122?
1111122200212
In base 14, what is -2 - -296d919?
296d917
In base 13, what is 1aa6 + -3056?
-1280
In base 12, what is 55386737 - -4?
5538673b
In base 2, what is 0 + 1001011100010001110?
1001011100010001110
In base 9, what is -223168 + -107?
-223276
In base 16, what is -7b3 + 1b09?
1356
In base 6, what is -3303253 - -13?
-3303240
In base 13, what is -3 - 437978?
-43797b
In base 12, what is -6b4 - -1090?
598
In base 14, what is 4bd - 2196?
-1ab7
In base 13, what is 407 - 279bc8?
-2797c1
In base 5, what is 1410 + 30312040?
30314000
In base 12, what is 33031 - -61?
33092
In base 9, what is 2 + 415785327?
415785330
In base 12, what is 0 + -4a8340?
-4a8340
In base 8, what is -1051473 - 162?
-1051655
In base 11, what is -1258a5 + -658?
-126452
In base 15, what is 5 - 673a03?
-6739ed
In base 12, what is -12a03 + -983?
-13786
In base 6, what is -1015325 - 344?
-1020113
In base 14, what is -5c - -560ca3?
560c45
In base 6, what is 4 + 4310453?
4310501
In base 5, what is -3 - 420010400?
-4200